{"id":1488,"date":"2022-10-26T06:30:47","date_gmt":"2022-10-26T06:30:47","guid":{"rendered":"https:\/\/laffichedujour.bj\/?page_id=1488"},"modified":"2022-11-02T18:02:57","modified_gmt":"2022-11-02T18:02:57","slug":"sante-et-bien-etre","status":"publish","type":"page","link":"https:\/\/nationalnews24.bj\/index.php\/sante-et-bien-etre\/","title":{"rendered":"Sant\u00e9 et bien-\u00eatre"},"content":{"rendered":"\t\t<div data-elementor-type=\"wp-page\" data-elementor-id=\"1488\" class=\"elementor elementor-1488\">\n\t\t\t\t\t\t<section class=\"elementor-section elementor-top-section elementor-element elementor-element-6500b93 elementor-section-boxed elementor-section-height-default elementor-section-height-default\" data-id=\"6500b93\" data-element_type=\"section\" data-e-type=\"section\">\n\t\t\t\t\t\t<div class=\"elementor-container elementor-column-gap-default\">\n\t\t\t\t\t<div class=\"elementor-column elementor-col-100 elementor-top-column elementor-element elementor-element-4088000\" data-id=\"4088000\" data-element_type=\"column\" data-e-type=\"column\">\n\t\t\t<div class=\"elementor-widget-wrap elementor-element-populated\">\n\t\t\t\t\t\t<div class=\"elementor-element elementor-element-7a0938a elementor-invisible elementor-widget elementor-widget-cv-grid-blog-post-layout\" data-id=\"7a0938a\" data-element_type=\"widget\" data-e-type=\"widget\" data-settings=\"{&quot;_animation&quot;:&quot;fadeInLeft&quot;}\" data-widget_type=\"cv-grid-blog-post-layout.default\">\n\t\t\t\t<div class=\"elementor-widget-container\">\n\t\t\t\t\t<div id=\"cv-grid-post-layout\" class=\"block-7a0938a cv-block cv-block-grid--layout-one\">    <div class=\"cv-post-wrapper cv-post--imagemargin column--two\">\r\n                        <article post-id=\"post-4411\" class=\"cv-post post-format--standard cv-icon\" itemscope itemtype=\"http:\/\/schema.org\/articleBody\">\r\n                                        <div class=\"cv-post-thumb\">\r\n                        <a href=\"https:\/\/nationalnews24.bj\/index.php\/2025\/11\/05\/infections-respiratoires-au-benin-le-ministre-hounkpatin-ecarte-tout-risque-de-resurgence-de-la-covid-19\/\"><img decoding=\"async\" src=\"https:\/\/nationalnews24.bj\/wp-content\/uploads\/2025\/11\/Benjamin.jpeg\" alt=\"Infections respiratoires au B\u00e9nin : Le ministre Hounkpatin \u00e9carte tout risque de r\u00e9surgence de la Covid-19\"\/><\/a>\r\n                    <\/div>\r\n                    <h2 class=\"cv-post-title\">\r\n                        <a href=\"https:\/\/nationalnews24.bj\/index.php\/2025\/11\/05\/infections-respiratoires-au-benin-le-ministre-hounkpatin-ecarte-tout-risque-de-resurgence-de-la-covid-19\/\" target=\"_self\">\r\n                            Infections respiratoires au B\u00e9nin : Le ministre Hounkpatin \u00e9carte tout risque de r\u00e9surgence de la Covid-19                        <\/a>\r\n                    <\/h2>\r\n                    <div class=\"cv-post-meta cv-meta-icon-show\">\r\n                        <span class=\"cv-post-date cv-post-meta-item\" itemprop=\"datePublished\"><a href=\"https:\/\/nationalnews24.bj\/index.php\/2025\/11\/05\/infections-respiratoires-au-benin-le-ministre-hounkpatin-ecarte-tout-risque-de-resurgence-de-la-covid-19\/\">novembre 5, 2025<\/a><\/span><span class=\"cv-post-author-name cv-post-meta-item\" itemprop=\"author\">By:<a href=\"https:\/\/nationalnews24.bj\/index.php\/author\/irenomacus\/\">National News 24<\/a><\/span><span class=\"cv-post-cats-wrap cv-post-meta-item\"><span class=\"cv-post-cat\"><a href=\"https:\/\/nationalnews24.bj\/index.php\/category\/science\/\">Actualit\u00e9<\/a><\/span><span class=\"cv-post-cat\"><a href=\"https:\/\/nationalnews24.bj\/index.php\/category\/sante\/\">Sant\u00e9<\/a><\/span><span class=\"cv-post-cat\"><a href=\"https:\/\/nationalnews24.bj\/index.php\/category\/une\/\">Une<\/a><\/span><\/span><span class=\"cv-post-comments-wrap cv-post-meta-item\"><a href=\"https:\/\/nationalnews24.bj\/index.php\/2025\/11\/05\/infections-respiratoires-au-benin-le-ministre-hounkpatin-ecarte-tout-risque-de-resurgence-de-la-covid-19\/\/#comments\">0<span class=\"cv-comment-txt\">Comments<\/span><\/a><\/span>                    <\/div>\r\n                <div class=\"cv-post-content\" itemprop=\"description\">Face \u00e0 l\u2019inqui\u00e9tude grandissante li\u00e9e \u00e0 l\u2019augmentation des cas d\u2019infections respiratoires dans certaines localit\u00e9s, le\u2026<\/div><div class=\"cv-read-more\"><a href=https:\/\/nationalnews24.bj\/index.php\/2025\/11\/05\/infections-respiratoires-au-benin-le-ministre-hounkpatin-ecarte-tout-risque-de-resurgence-de-la-covid-19\/>Read more<i class=\"fas fa-arrow-right\"><\/i><\/a><\/div>                <\/article>\r\n                        <article post-id=\"post-4397\" class=\"cv-post post-format--standard cv-icon\" itemscope itemtype=\"http:\/\/schema.org\/articleBody\">\r\n                                        <div class=\"cv-post-thumb\">\r\n                        <a href=\"https:\/\/nationalnews24.bj\/index.php\/2025\/10\/30\/sante-pour-tous-lassurance-maladie-obligatoire-sactualise-pour-plus-dinclusion-sociale\/\"><img decoding=\"async\" src=\"https:\/\/nationalnews24.bj\/wp-content\/uploads\/2025\/10\/assurance-maladie-obligatoire-copie-1200x800-1.webp\" alt=\"Sant\u00e9 pour tous : L\u2019assurance maladie obligatoire s\u2019actualise pour plus d\u2019inclusion sociale\"\/><\/a>\r\n                    <\/div>\r\n                    <h2 class=\"cv-post-title\">\r\n                        <a href=\"https:\/\/nationalnews24.bj\/index.php\/2025\/10\/30\/sante-pour-tous-lassurance-maladie-obligatoire-sactualise-pour-plus-dinclusion-sociale\/\" target=\"_self\">\r\n                            Sant\u00e9 pour tous : L\u2019assurance maladie obligatoire s\u2019actualise pour plus d\u2019inclusion sociale                        <\/a>\r\n                    <\/h2>\r\n                    <div class=\"cv-post-meta cv-meta-icon-show\">\r\n                        <span class=\"cv-post-date cv-post-meta-item\" itemprop=\"datePublished\"><a href=\"https:\/\/nationalnews24.bj\/index.php\/2025\/10\/30\/sante-pour-tous-lassurance-maladie-obligatoire-sactualise-pour-plus-dinclusion-sociale\/\">octobre 30, 2025<\/a><\/span><span class=\"cv-post-author-name cv-post-meta-item\" itemprop=\"author\">By:<a href=\"https:\/\/nationalnews24.bj\/index.php\/author\/irenomacus\/\">National News 24<\/a><\/span><span class=\"cv-post-cats-wrap cv-post-meta-item\"><span class=\"cv-post-cat\"><a href=\"https:\/\/nationalnews24.bj\/index.php\/category\/science\/\">Actualit\u00e9<\/a><\/span><span class=\"cv-post-cat\"><a href=\"https:\/\/nationalnews24.bj\/index.php\/category\/sante\/\">Sant\u00e9<\/a><\/span><span class=\"cv-post-cat\"><a href=\"https:\/\/nationalnews24.bj\/index.php\/category\/une\/\">Une<\/a><\/span><\/span><span class=\"cv-post-comments-wrap cv-post-meta-item\"><a href=\"https:\/\/nationalnews24.bj\/index.php\/2025\/10\/30\/sante-pour-tous-lassurance-maladie-obligatoire-sactualise-pour-plus-dinclusion-sociale\/\/#comments\">0<span class=\"cv-comment-txt\">Comments<\/span><\/a><\/span>                    <\/div>\r\n                <div class=\"cv-post-content\" itemprop=\"description\">Le gouvernement b\u00e9ninois franchit une nouvelle \u00e9tape dans sa politique sanitaire en actualisant les modalit\u00e9s\u2026<\/div><div class=\"cv-read-more\"><a href=https:\/\/nationalnews24.bj\/index.php\/2025\/10\/30\/sante-pour-tous-lassurance-maladie-obligatoire-sactualise-pour-plus-dinclusion-sociale\/>Read more<i class=\"fas fa-arrow-right\"><\/i><\/a><\/div>                <\/article>\r\n                        <article post-id=\"post-4376\" class=\"cv-post post-format--standard cv-icon\" itemscope itemtype=\"http:\/\/schema.org\/articleBody\">\r\n                                        <div class=\"cv-post-thumb\">\r\n                        <a href=\"https:\/\/nationalnews24.bj\/index.php\/2025\/10\/27\/lutte-contre-le-cancer-du-sein-a-ketou-les-ong-jespd-et-la-vie-dun-ange-portent-la-prevention-a-adakplame\/\"><img decoding=\"async\" src=\"https:\/\/nationalnews24.bj\/wp-content\/uploads\/2025\/10\/IMG-20251027-WA0004.jpg\" alt=\"Lutte contre le cancer du sein \u00e0 K\u00e9tou : Les Ong JESPD et La Vie d\u2019un Ange portent la pr\u00e9vention \u00e0 Adakplam\u00e8\"\/><\/a>\r\n                    <\/div>\r\n                    <h2 class=\"cv-post-title\">\r\n                        <a href=\"https:\/\/nationalnews24.bj\/index.php\/2025\/10\/27\/lutte-contre-le-cancer-du-sein-a-ketou-les-ong-jespd-et-la-vie-dun-ange-portent-la-prevention-a-adakplame\/\" target=\"_self\">\r\n                            Lutte contre le cancer du sein \u00e0 K\u00e9tou : Les Ong JESPD et La Vie d\u2019un Ange portent la pr\u00e9vention \u00e0 Adakplam\u00e8                        <\/a>\r\n                    <\/h2>\r\n                    <div class=\"cv-post-meta cv-meta-icon-show\">\r\n                        <span class=\"cv-post-date cv-post-meta-item\" itemprop=\"datePublished\"><a href=\"https:\/\/nationalnews24.bj\/index.php\/2025\/10\/27\/lutte-contre-le-cancer-du-sein-a-ketou-les-ong-jespd-et-la-vie-dun-ange-portent-la-prevention-a-adakplame\/\">octobre 27, 2025<\/a><\/span><span class=\"cv-post-author-name cv-post-meta-item\" itemprop=\"author\">By:<a href=\"https:\/\/nationalnews24.bj\/index.php\/author\/irenomacus\/\">National News 24<\/a><\/span><span class=\"cv-post-cats-wrap cv-post-meta-item\"><span class=\"cv-post-cat\"><a href=\"https:\/\/nationalnews24.bj\/index.php\/category\/science\/\">Actualit\u00e9<\/a><\/span><span class=\"cv-post-cat\"><a href=\"https:\/\/nationalnews24.bj\/index.php\/category\/sante\/\">Sant\u00e9<\/a><\/span><span class=\"cv-post-cat\"><a href=\"https:\/\/nationalnews24.bj\/index.php\/category\/societe\/\">Soci\u00e9t\u00e9<\/a><\/span><span class=\"cv-post-cat\"><a href=\"https:\/\/nationalnews24.bj\/index.php\/category\/une\/\">Une<\/a><\/span><\/span><span class=\"cv-post-comments-wrap cv-post-meta-item\"><a href=\"https:\/\/nationalnews24.bj\/index.php\/2025\/10\/27\/lutte-contre-le-cancer-du-sein-a-ketou-les-ong-jespd-et-la-vie-dun-ange-portent-la-prevention-a-adakplame\/\/#comments\">0<span class=\"cv-comment-txt\">Comments<\/span><\/a><\/span>                    <\/div>\r\n                <div class=\"cv-post-content\" itemprop=\"description\">Dans le cadre de la campagne mondiale \u00ab Octobre Rose \u00bb, consacr\u00e9e \u00e0 la lutte\u2026<\/div><div class=\"cv-read-more\"><a href=https:\/\/nationalnews24.bj\/index.php\/2025\/10\/27\/lutte-contre-le-cancer-du-sein-a-ketou-les-ong-jespd-et-la-vie-dun-ange-portent-la-prevention-a-adakplame\/>Read more<i class=\"fas fa-arrow-right\"><\/i><\/a><\/div>                <\/article>\r\n                        <article post-id=\"post-4365\" class=\"cv-post post-format--standard cv-icon\" itemscope itemtype=\"http:\/\/schema.org\/articleBody\">\r\n                                        <div class=\"cv-post-thumb\">\r\n                        <a href=\"https:\/\/nationalnews24.bj\/index.php\/2025\/10\/20\/grippe-cinq-aliments-qui-renforcent-vos-defenses-naturelles\/\"><img decoding=\"async\" src=\"https:\/\/nationalnews24.bj\/wp-content\/uploads\/2025\/10\/f651a4786ec368ed1a4786ec31612av-960x640-1.jpg\" alt=\"Grippe : Cinq aliments qui renforcent vos d\u00e9fenses naturelles\"\/><\/a>\r\n                    <\/div>\r\n                    <h2 class=\"cv-post-title\">\r\n                        <a href=\"https:\/\/nationalnews24.bj\/index.php\/2025\/10\/20\/grippe-cinq-aliments-qui-renforcent-vos-defenses-naturelles\/\" target=\"_self\">\r\n                            Grippe : Cinq aliments qui renforcent vos d\u00e9fenses naturelles                        <\/a>\r\n                    <\/h2>\r\n                    <div class=\"cv-post-meta cv-meta-icon-show\">\r\n                        <span class=\"cv-post-date cv-post-meta-item\" itemprop=\"datePublished\"><a href=\"https:\/\/nationalnews24.bj\/index.php\/2025\/10\/20\/grippe-cinq-aliments-qui-renforcent-vos-defenses-naturelles\/\">octobre 20, 2025<\/a><\/span><span class=\"cv-post-author-name cv-post-meta-item\" itemprop=\"author\">By:<a href=\"https:\/\/nationalnews24.bj\/index.php\/author\/irenomacus\/\">National News 24<\/a><\/span><span class=\"cv-post-cats-wrap cv-post-meta-item\"><span class=\"cv-post-cat\"><a href=\"https:\/\/nationalnews24.bj\/index.php\/category\/science\/\">Actualit\u00e9<\/a><\/span><span class=\"cv-post-cat\"><a href=\"https:\/\/nationalnews24.bj\/index.php\/category\/sante\/\">Sant\u00e9<\/a><\/span><span class=\"cv-post-cat\"><a href=\"https:\/\/nationalnews24.bj\/index.php\/category\/une\/\">Une<\/a><\/span><\/span><span class=\"cv-post-comments-wrap cv-post-meta-item\"><a href=\"https:\/\/nationalnews24.bj\/index.php\/2025\/10\/20\/grippe-cinq-aliments-qui-renforcent-vos-defenses-naturelles\/\/#comments\">0<span class=\"cv-comment-txt\">Comments<\/span><\/a><\/span>                    <\/div>\r\n                <div class=\"cv-post-content\" itemprop=\"description\">Fi\u00e8vre, toux s\u00e8che, fatigue\u2026 La grippe s\u2019invite chaque ann\u00e9e, souvent sans pr\u00e9venir. Si la vaccination\u2026<\/div><div class=\"cv-read-more\"><a href=https:\/\/nationalnews24.bj\/index.php\/2025\/10\/20\/grippe-cinq-aliments-qui-renforcent-vos-defenses-naturelles\/>Read more<i class=\"fas fa-arrow-right\"><\/i><\/a><\/div>                <\/article>\r\n            <\/div><\/div>\t\t\t\t<\/div>\n\t\t\t\t<\/div>\n\t\t\t\t\t<\/div>\n\t\t<\/div>\n\t\t\t\t\t<\/div>\n\t\t<\/section>\n\t\t\t\t<\/div>\n\t\t<!--CusAds0-->\n<div style=\"font-size: 0px; height: 0px; line-height: 0px; margin: 0; padding: 0; clear: both;\"><\/div>","protected":false},"excerpt":{"rendered":"<p>New airplane seat design will make it easier to sleep in economy f\u00e9vrier 12, 2020By:adminCultureInterNewsOpinionPolitiqueSanteScienceSocieteSportSportsTechTravelUne0Comments Lorem ipsum dolor sit amet, consectetur adipiscing elit. Atqui eorum nihil est eius generis, ut\u2026Read more Inside the 24 hours that John boxing f\u00e9vrier 11, 2020By:adminCultureInterOpinionPolitiqueSanteScienceSocieteSportSportsTechUne0Comments Lorem ipsum dolor sit amet, consectetur adipiscing elit. Atqui eorum nihil est eius generis, [&hellip;]<\/p>\n","protected":false},"author":1,"featured_media":0,"parent":0,"menu_order":0,"comment_status":"closed","ping_status":"closed","template":"","meta":{"footnotes":""},"class_list":["post-1488","page","type-page","status-publish","hentry"],"yoast_head":"<!-- This site is optimized with the Yoast SEO plugin v26.9 - https:\/\/yoast.com\/product\/yoast-seo-wordpress\/ -->\n<title>Sant\u00e9 et bien-\u00eatre -<\/title>\n<meta name=\"robots\" content=\"index, follow, max-snippet:-1, max-image-preview:large, max-video-preview:-1\" \/>\n<link rel=\"canonical\" href=\"https:\/\/laffichedujour.bj\/index.php\/sante-et-bien-etre\/\" \/>\n<meta property=\"og:locale\" content=\"fr_FR\" \/>\n<meta property=\"og:type\" content=\"article\" \/>\n<meta property=\"og:title\" content=\"Sant\u00e9 et bien-\u00eatre -\" \/>\n<meta property=\"og:description\" content=\"New airplane seat design will make it easier to sleep in economy f\u00e9vrier 12, 2020By:adminCultureInterNewsOpinionPolitiqueSanteScienceSocieteSportSportsTechTravelUne0Comments Lorem ipsum dolor sit amet, consectetur adipiscing elit. Atqui eorum nihil est eius generis, ut\u2026Read more Inside the 24 hours that John boxing f\u00e9vrier 11, 2020By:adminCultureInterOpinionPolitiqueSanteScienceSocieteSportSportsTechUne0Comments Lorem ipsum dolor sit amet, consectetur adipiscing elit. Atqui eorum nihil est eius generis, [&hellip;]\" \/>\n<meta property=\"og:url\" content=\"https:\/\/laffichedujour.bj\/index.php\/sante-et-bien-etre\/\" \/>\n<meta property=\"article:modified_time\" content=\"2022-11-02T18:02:57+00:00\" \/>\n<meta property=\"og:image\" content=\"https:\/\/laffichedujour.bj\/wp-content\/uploads\/2020\/02\/2.jpg\" \/>\n<meta name=\"twitter:card\" content=\"summary_large_image\" \/>\n<meta name=\"twitter:label1\" content=\"Dur\u00e9e de lecture estim\u00e9e\" \/>\n\t<meta name=\"twitter:data1\" content=\"1 minute\" \/>\n<script type=\"application\/ld+json\" class=\"yoast-schema-graph\">{\"@context\":\"https:\/\/schema.org\",\"@graph\":[{\"@type\":\"WebPage\",\"@id\":\"https:\/\/laffichedujour.bj\/index.php\/sante-et-bien-etre\/\",\"url\":\"https:\/\/laffichedujour.bj\/index.php\/sante-et-bien-etre\/\",\"name\":\"Sant\u00e9 et bien-\u00eatre -\",\"isPartOf\":{\"@id\":\"https:\/\/nationalnews24.bj\/#website\"},\"primaryImageOfPage\":{\"@id\":\"https:\/\/laffichedujour.bj\/index.php\/sante-et-bien-etre\/#primaryimage\"},\"image\":{\"@id\":\"https:\/\/laffichedujour.bj\/index.php\/sante-et-bien-etre\/#primaryimage\"},\"thumbnailUrl\":\"https:\/\/laffichedujour.bj\/wp-content\/uploads\/2020\/02\/2.jpg\",\"datePublished\":\"2022-10-26T06:30:47+00:00\",\"dateModified\":\"2022-11-02T18:02:57+00:00\",\"breadcrumb\":{\"@id\":\"https:\/\/laffichedujour.bj\/index.php\/sante-et-bien-etre\/#breadcrumb\"},\"inLanguage\":\"fr-FR\",\"potentialAction\":[{\"@type\":\"ReadAction\",\"target\":[\"https:\/\/laffichedujour.bj\/index.php\/sante-et-bien-etre\/\"]}]},{\"@type\":\"ImageObject\",\"inLanguage\":\"fr-FR\",\"@id\":\"https:\/\/laffichedujour.bj\/index.php\/sante-et-bien-etre\/#primaryimage\",\"url\":\"https:\/\/laffichedujour.bj\/wp-content\/uploads\/2020\/02\/2.jpg\",\"contentUrl\":\"https:\/\/laffichedujour.bj\/wp-content\/uploads\/2020\/02\/2.jpg\"},{\"@type\":\"BreadcrumbList\",\"@id\":\"https:\/\/laffichedujour.bj\/index.php\/sante-et-bien-etre\/#breadcrumb\",\"itemListElement\":[{\"@type\":\"ListItem\",\"position\":1,\"name\":\"Accueil\",\"item\":\"https:\/\/actuorizon.com\/\"},{\"@type\":\"ListItem\",\"position\":2,\"name\":\"Sant\u00e9 et bien-\u00eatre\"}]},{\"@type\":\"WebSite\",\"@id\":\"https:\/\/nationalnews24.bj\/#website\",\"url\":\"https:\/\/nationalnews24.bj\/\",\"name\":\"National News 24 (NN24)\",\"description\":\"\",\"publisher\":{\"@id\":\"https:\/\/nationalnews24.bj\/#organization\"},\"potentialAction\":[{\"@type\":\"SearchAction\",\"target\":{\"@type\":\"EntryPoint\",\"urlTemplate\":\"https:\/\/nationalnews24.bj\/?s={search_term_string}\"},\"query-input\":{\"@type\":\"PropertyValueSpecification\",\"valueRequired\":true,\"valueName\":\"search_term_string\"}}],\"inLanguage\":\"fr-FR\"},{\"@type\":\"Organization\",\"@id\":\"https:\/\/nationalnews24.bj\/#organization\",\"name\":\"National News 24 (NN24)\",\"url\":\"https:\/\/nationalnews24.bj\/\",\"logo\":{\"@type\":\"ImageObject\",\"inLanguage\":\"fr-FR\",\"@id\":\"https:\/\/nationalnews24.bj\/#\/schema\/logo\/image\/\",\"url\":\"https:\/\/nationalnews24.bj\/wp-content\/uploads\/2020\/12\/1748693216483.jpg\",\"contentUrl\":\"https:\/\/nationalnews24.bj\/wp-content\/uploads\/2020\/12\/1748693216483.jpg\",\"width\":948,\"height\":552,\"caption\":\"National News 24 (NN24)\"},\"image\":{\"@id\":\"https:\/\/nationalnews24.bj\/#\/schema\/logo\/image\/\"}}]}<\/script>\n<!-- \/ Yoast SEO plugin. -->","yoast_head_json":{"title":"Sant\u00e9 et bien-\u00eatre -","robots":{"index":"index","follow":"follow","max-snippet":"max-snippet:-1","max-image-preview":"max-image-preview:large","max-video-preview":"max-video-preview:-1"},"canonical":"https:\/\/laffichedujour.bj\/index.php\/sante-et-bien-etre\/","og_locale":"fr_FR","og_type":"article","og_title":"Sant\u00e9 et bien-\u00eatre -","og_description":"New airplane seat design will make it easier to sleep in economy f\u00e9vrier 12, 2020By:adminCultureInterNewsOpinionPolitiqueSanteScienceSocieteSportSportsTechTravelUne0Comments Lorem ipsum dolor sit amet, consectetur adipiscing elit. Atqui eorum nihil est eius generis, ut\u2026Read more Inside the 24 hours that John boxing f\u00e9vrier 11, 2020By:adminCultureInterOpinionPolitiqueSanteScienceSocieteSportSportsTechUne0Comments Lorem ipsum dolor sit amet, consectetur adipiscing elit. Atqui eorum nihil est eius generis, [&hellip;]","og_url":"https:\/\/laffichedujour.bj\/index.php\/sante-et-bien-etre\/","article_modified_time":"2022-11-02T18:02:57+00:00","og_image":[{"url":"https:\/\/laffichedujour.bj\/wp-content\/uploads\/2020\/02\/2.jpg","type":"","width":"","height":""}],"twitter_card":"summary_large_image","twitter_misc":{"Dur\u00e9e de lecture estim\u00e9e":"1 minute"},"schema":{"@context":"https:\/\/schema.org","@graph":[{"@type":"WebPage","@id":"https:\/\/laffichedujour.bj\/index.php\/sante-et-bien-etre\/","url":"https:\/\/laffichedujour.bj\/index.php\/sante-et-bien-etre\/","name":"Sant\u00e9 et bien-\u00eatre -","isPartOf":{"@id":"https:\/\/nationalnews24.bj\/#website"},"primaryImageOfPage":{"@id":"https:\/\/laffichedujour.bj\/index.php\/sante-et-bien-etre\/#primaryimage"},"image":{"@id":"https:\/\/laffichedujour.bj\/index.php\/sante-et-bien-etre\/#primaryimage"},"thumbnailUrl":"https:\/\/laffichedujour.bj\/wp-content\/uploads\/2020\/02\/2.jpg","datePublished":"2022-10-26T06:30:47+00:00","dateModified":"2022-11-02T18:02:57+00:00","breadcrumb":{"@id":"https:\/\/laffichedujour.bj\/index.php\/sante-et-bien-etre\/#breadcrumb"},"inLanguage":"fr-FR","potentialAction":[{"@type":"ReadAction","target":["https:\/\/laffichedujour.bj\/index.php\/sante-et-bien-etre\/"]}]},{"@type":"ImageObject","inLanguage":"fr-FR","@id":"https:\/\/laffichedujour.bj\/index.php\/sante-et-bien-etre\/#primaryimage","url":"https:\/\/laffichedujour.bj\/wp-content\/uploads\/2020\/02\/2.jpg","contentUrl":"https:\/\/laffichedujour.bj\/wp-content\/uploads\/2020\/02\/2.jpg"},{"@type":"BreadcrumbList","@id":"https:\/\/laffichedujour.bj\/index.php\/sante-et-bien-etre\/#breadcrumb","itemListElement":[{"@type":"ListItem","position":1,"name":"Accueil","item":"https:\/\/actuorizon.com\/"},{"@type":"ListItem","position":2,"name":"Sant\u00e9 et bien-\u00eatre"}]},{"@type":"WebSite","@id":"https:\/\/nationalnews24.bj\/#website","url":"https:\/\/nationalnews24.bj\/","name":"National News 24 (NN24)","description":"","publisher":{"@id":"https:\/\/nationalnews24.bj\/#organization"},"potentialAction":[{"@type":"SearchAction","target":{"@type":"EntryPoint","urlTemplate":"https:\/\/nationalnews24.bj\/?s={search_term_string}"},"query-input":{"@type":"PropertyValueSpecification","valueRequired":true,"valueName":"search_term_string"}}],"inLanguage":"fr-FR"},{"@type":"Organization","@id":"https:\/\/nationalnews24.bj\/#organization","name":"National News 24 (NN24)","url":"https:\/\/nationalnews24.bj\/","logo":{"@type":"ImageObject","inLanguage":"fr-FR","@id":"https:\/\/nationalnews24.bj\/#\/schema\/logo\/image\/","url":"https:\/\/nationalnews24.bj\/wp-content\/uploads\/2020\/12\/1748693216483.jpg","contentUrl":"https:\/\/nationalnews24.bj\/wp-content\/uploads\/2020\/12\/1748693216483.jpg","width":948,"height":552,"caption":"National News 24 (NN24)"},"image":{"@id":"https:\/\/nationalnews24.bj\/#\/schema\/logo\/image\/"}}]}},"blog_post_layout_featured_media_urls":{"thumbnail":"","full":""},"categories_names":null,"comments_number":"0","wpmagazine_modules_lite_featured_media_urls":{"thumbnail":"","cvmm-medium":"","cvmm-medium-plus":"","cvmm-portrait":"","cvmm-medium-square":"","cvmm-large":"","cvmm-small":"","full":""},"_links":{"self":[{"href":"https:\/\/nationalnews24.bj\/index.php\/wp-json\/wp\/v2\/pages\/1488","targetHints":{"allow":["GET"]}}],"collection":[{"href":"https:\/\/nationalnews24.bj\/index.php\/wp-json\/wp\/v2\/pages"}],"about":[{"href":"https:\/\/nationalnews24.bj\/index.php\/wp-json\/wp\/v2\/types\/page"}],"author":[{"embeddable":true,"href":"https:\/\/nationalnews24.bj\/index.php\/wp-json\/wp\/v2\/users\/1"}],"replies":[{"embeddable":true,"href":"https:\/\/nationalnews24.bj\/index.php\/wp-json\/wp\/v2\/comments?post=1488"}],"version-history":[{"count":7,"href":"https:\/\/nationalnews24.bj\/index.php\/wp-json\/wp\/v2\/pages\/1488\/revisions"}],"predecessor-version":[{"id":1694,"href":"https:\/\/nationalnews24.bj\/index.php\/wp-json\/wp\/v2\/pages\/1488\/revisions\/1694"}],"wp:attachment":[{"href":"https:\/\/nationalnews24.bj\/index.php\/wp-json\/wp\/v2\/media?parent=1488"}],"curies":[{"name":"wp","href":"https:\/\/api.w.org\/{rel}","templated":true}]}}